28886?
False
Does 1742 divide 278641077?
False
Is 3 a factor of 1813341?
True
Does 135 divide 12818369?
False
Is 1063 a factor of 1325105605?
False
Is 14185907 a multiple of 194?
False
Is 185 a factor of 27852120?
True
Is 16 a factor of 11562163?
False
Is 25 a factor of 2872875?
True
Does 87 divide 21507792?
True
Is 103215199 a multiple of 321?
False
Does 282 divide 539393433?
False
Is 1008 a factor of 2659088844?
False
Is 37 a factor of 1205292260?
False
Does 2157 divide 66548820?
False
Does 464 divide 135349728?
True
Is 23 a factor of 27419653?
False
Is 19 a factor of 997067887?
False
Does 92 divide 14205904?
True
Does 3274 divide 1078475244?
True
Is 17316857 a multiple of 29?
True
Is 29552068 a multiple of 52?
True
Does 75 divide 531236775?
True
Is 159191864 a multiple of 26?
True
Is 40 a factor of 35554400?
True
Is 24 a factor of 26363872?
False
Is 405 a factor of 41758335?
True
Is 390 a factor of 137351760?
True
Is 50 a factor of 19899153?
False
Is 267869368 a multiple of 2369?
False
Is 96855168 a multiple of 1272?
True
Is 225 a factor of 819536719?
False
Is 3268782 a multiple of 67?
False
Is 3580686 a multiple of 6?
True
Does 29 divide 1517164?
True
Is 397201182 a multiple of 42?
True
Is 92593429 a multiple of 4?
False
Is 10530559 a multiple of 93?
False
Does 296 divide 519084682?
False
Is 154849221 a multiple of 19?
True
Does 406 divide 999589100?
False
Does 68 divide 281489555?
False
Does 633 divide 290250333?
False
Is 90247957 a multiple of 22?
False
Is 30590087 a multiple of 1452?
False
Is 6114174317 a multiple of 123?
False
Does 33 divide 492918655?
False
Is 14579013 a multiple of 30?
False
Is 198597861 a multiple of 33?
True
Is 108 a factor of 95521032?
True
Is 37 a factor of 138260046?
True
Is 867317237 a multiple of 475?
False
Is 102 a factor of 707766463?
False
Does 785 divide 315196348?
False
Is 4336292304 a multiple of 36?
True
Is 1577 a factor of 667520445?
True
Is 465773760 a multiple of 24?
True
Does 598 divide 738940356?
False
Does 7 divide 18381903?
False
Is 153 a factor of 311107478?
False
Is 45612385 a multiple of 13?
True
Does 150 divide 84012135?
False
Does 208 divide 44157360?
True
Is 234 a factor of 921587940?
True
Is 259 a factor of 107372867?
False
Does 50 divide 39955750?
True
Does 86 divide 103166761?
False
Is 7411 a factor of 1026460555?
True
Is 8712 a factor of 1595741158?
False
Is 323245127 a multiple of 11?
False
Does 216 divide 118618801?
False
Is 16 a factor of 1061597824?
True
Does 53 divide 137439971?
True
Is 258 a factor of 307013292?
True
Is 2360 a factor of 295736320?
True
Does 1907 divide 46293738?
False
Does 111 divide 313098583?
False
Is 939 a factor of 561922014?
True
Does 35 divide 5831210?
True
Is 18362832 a multiple of 1526?
False
Is 93 a factor of 597962964?
False
Is 56552927 a multiple of 206?
False
Does 63 divide 2947519575?
True
Is 5357148 a multiple of 316?
True
Is 26355318 a multiple of 418?
True
Does 764 divide 160039664?
True
Does 509 divide 52557304?
True
Does 23 divide 93425585?
False
Does 1243 divide 421656431?
False
Does 667 divide 27247645?
False
Does 9 divide 50568529?
False
Does 52 divide 935688407?
False
Does 1156 divide 432194228?
False
Is 1551847739 a multiple of 377?
True
Is 32 a factor of 1567384630?
False
Is 2197314884 a multiple of 562?
False
Is 129 a factor of 3833999682?
False
Does 158 divide 132673864?
True
Is 1563 a factor of 85745117?
False
Does 217 divide 333928063?
True
Does 21 divide 377804565?
False
Is 486 a factor of 14672340?
True
Does 4 divide 27188818?
False
Is 81525697 a multiple of 2?
False
Is 49 a factor of 3660786?
False
Does 282 divide 242215769?
False
Is 3122 a factor of 1060068856?
True
Does 34 divide 11336688?
True
Does 12 divide 10089852?
True
Is 48 a factor of 53180304?
True
Is 209941065 a multiple of 657?
True
Does 19 divide 19894197?
True
Does 6694 divide 1887446934?
True
Is 749516382 a multiple of 642?
True
Is 66 a factor of 22389066?
False
Does 11 divide 6361357662?
True
Does 660 divide 59393400?
True
Is 35 a factor of 6809046?
False
Does 261 divide 805317?
False
Does 626 divide 562267158?
False
Is 1365941776 a multiple of 808?
True
Is 19730715 a multiple of 349?
True
Is 282 a factor of 1618793082?
True
Does 1306 divide 150560904?
True
Does 1935 divide 117953730?
True
Is 84630238 a multiple of 10?
False
Does 30 divide 80073090?
True
Is 3691784200 a multiple of 94?
True
Is 77 a factor of 39843130?
False
Is 4 a factor of 42803639?
False
Does 247 divide 2344067050?
True
Does 8 divide 593794032?
True
Does 1489 divide 424862326?
True
Is 97 a factor of 1616411257?
False
Is 59818211 a multiple of 6171?
False
Is 2163239540 a multiple of 15785?
True
Does 331 divide 816844204?
False
Is 1289654027 a multiple of 131?
False
Is 21 a factor of 882076475?
False
Is 2390855020 a multiple of 1827?
False
Is 167932957 a multiple of 34?
False
Does 2430 divide 592370820?
True
Is 141059019 a multiple of 614?
False
Is 1932517775 a multiple of 226?
False
Does 988 divide 101159344?
True
Is 36903829 a multiple of 10?
False
Is 103178368 a multiple of 20?
False
Is 23 a factor of 776725403?
False
Is 2246732944 a multiple of 5988?
False
Is 181609546 a multiple of 1246?
False
Is 305 a factor of 38729402?
False
Is 193562119 a multiple of 348?
False
Does 933 divide 138599966?
False
Is 196 a factor of 246560552?
True
Does 2623 divide 64801221?
False
Does 9 divide 129191140?
False
Does 1431 divide 56721978?
True
Is 6093499 a multiple of 524?
False
Is 518 a factor of 1331440264?
True
Is 10 a factor of 56901200?
True
Is 31 a factor of 3618754?
True
Does 91 divide 57982561?
True
Is 142 a factor of 31807148?
True
Is 194417 a multiple of 433?
True
Does 18 divide 57015992?
False
Is 35 a factor of 20534918?
False
Is 1023941 a multiple of 6?
False
Does 3983 divide 518153727?
False
Is 48520506 a multiple of 74?
False
Does 4 divide 16725636?
True
Does 91 divide 54858664?
False
Does 1030 divide 10360770?
True
Is 3000183741 a multiple of 1110?
False
Is 446 a factor of 76727164?
True
Is 54 a factor of 1159970706?
True
Is 143 a factor of 408334435?
False
Does 23 divide 766531971?
True
Is 37 a factor of 1662557?
False
Is 117 a factor of 353137239?
True
Does 967 divide 2052433325?
True
Does 5 divide 14382294?
False
Is 20302685 a multiple of 65?
True
Is 367624108 a multiple of 1774?
False
Is 29273169 a multiple of 3?
True
Is 9 a factor of 112254138?
True
Is 1058133828 a multiple of 35?
False
Is 2753920980 a multiple of 4507?
False
Is 156199995 a multiple of 153?
True
Is 357795204 a multiple of 1885?
False
Does 13 divide 51459422?
False
Is 5817549 even?
False
Is 4535168 a multiple of 88?
True
Does 23 divide 62586986?
False
Is 727671956 a multiple of 76?
True
Is 50 a factor of 165998984?
False
Is 39507731 a multiple of 22?
False
Is 589390359 a multiple of 2505?
False
Is 30 a factor of 324198387?
False
Is 255586503 a multiple of 306?
False
Is 17 a factor of 160962147?
False
Is 2363942966 a multiple of 77?
True
Does 3 divide 13844251?
False
Does 87 divide 1123852428?
True
Does 52 divide 573473283?
False
Is 13628670 a multiple of 66?
True
Is 51614955 a multiple of 15?
True
Is 2566338038 a multiple of 182?
False
Is 3 a factor of 11679443?
False
Does 8 divide 90255511?
False
Is 362161682 a multiple of 4587?
False
Is 71514014 a multiple of 22?
True
Is 2431818935 a multiple of 8358?
False
Is 61981335 a multiple of 423?
False
Does 39 divide 15210663?
True
Does 1368 divide 1826050869?
False
Does 16 divide 135588592?
True
Is 76889736 a multiple of 1134?
True
Does 72 divide 143310631?
False
Is 757 a factor of 12342128?
True
Is 21 a factor of 171789980?
False
Is 63 a factor of 212552739?
True
Is 40 a factor of 264366?
False
Is 13 a factor of 10849178?
False
Does 1607 divide 121127625?
True
Is 38316608 a multiple of 296?
True
Does 18 divide 11190006?
True
Is 168206427 a multiple of 2547?
True
Is 23337671 a multiple of 8470?
False
Does 2307 divide 12926121?
True
Is 959962944 a multiple of 8?
True
Is 49355288 a multiple of 52?
False
Is 111 a factor of 216316860?
False
Is 57484399 a multiple of 13?
False
Is 21 a factor of 9902193?
True
Does 690 divide 25667725?
False
Is 2098799688 a multiple of 103?
True
Is 1104494 a multiple of 661?
False
Is 489492897 a multiple of 12?
False
Is 37 a factor of 346629619?
False
I